9
What is the value of 1 + 19 + -85 + 47 + -19?
-37
Evaluate -1 - -7 - (-7 + 6) - (-5 + -85 + 100).
-3
What is the value of (88 - 180 - -30) + 198?
136
What is (280 - 147) + -128 - (-22 + -1 - -1)?
27
Calculate -6 - (2 + 21 - 12 - -8).
-25
-39 - (91 - (-46 - (1 - 46)))
-131
What is (-176 - -197 - (2 - 49)) + -20 + 12?
60
Calculate 22 - -2 - (-1 + 26 + -476 + 463 - 21).
33
What is (-107 + 9 - -9) + (8 + 6 - 2)?
-77
84 + 7 + 7 + -55
43
25 - ((2 - 27) + 23 + -32 + 23)
36
What is the value of 28 + 7 + (17 - 34) - 103 - (1 + -14)?
-72
What is -9 + (80 - 35) + -5?
31
Evaluate (-3 - 1) + 5 + 11 + -7 + -37.
-32
(446 - 449) + (50 - (-2 - 0) - 2) + -1
46
What is the value of -5 + 28 - ((76 + -84 - (11 - 1)) + 7)?
34
5 - -2 - (-1 + 1 + (15 - (-20 + 33)))
5
What is the value of (-4 - -1) + 21 + (-33 - -12) + -4?
-7
Evaluate (132 - (3 + 144)) + (3 - 2 - -1).
-13
(-7 + 6 + 3 - 17) + 4 + 32
21
What is the value of 134 + (-162 - -53) - (-2 - -9)?
18
(-4 + (4 - 7) - -4 - -6) + -56 + 11
-42
Calculate -35 + 0 + 20 - 33.
-48
Evaluate 33 - (32 + (-135 - -97)).
39
Evaluate 5 - 26 - (-172 - -193).
-42
Evaluate 20 - (-1 + (-3 - 4 - -37)) - 132.
-141
What is -76 - (-140 - 37) - -5?
106
Evaluate 42 + (-45 - -74 - 26).
45
What is the value of -9 - -47 - (-2 - -35)?
5
What is the value of 23 - ((-38 - -19 - 10) + -4)?
56
What is the value of (-1 - (2 + (10 + -15 - -3))) + -36 + -3?
-40
What is (133 - 34) + -3 + -1 + (43 - 23) + -12?
103
What is the value of (-2 - -14 - -2) + -52 - (18 - 38)?
-18
Evaluate -40 + 48 + -42 + 11.
-23
What is -26 - (-8 + 8 + -9 + 8 + -3)?
-22
Evaluate -7 + (10 - (39 - (-13 - -7))) + -3.
-45
Calculate 101 + -12 + (93 - 81) + (1 - -2).
104
What is -4 - (-1 - -11) - (27 - (96 + -29))?
26
What is the value of (-1 - -9) + (11 + (-19 - -17) - -2)?
19
Calculate 56 + (2 - 5) + (-16 - (-12 + -12)).
61
Calculate -69 + 10 + 47 - (-3 - 43).
34
Calculate (-98 - -40) + -9 + 27.
-40
Evaluate (-259 - -268 - (107 - 0)) + 6 + -17.
-109
Calculate 82 + (-91 - -29 - -17).
37
What is 0 + -20 + 5 + 18 + 14 + 15?
32
Evaluate -33 + (-35 - -23) - -21.
-24
(-14 - -23) + -18 + -28
-37
What is -8 - -8 - 5 - -16 - 50?
-39
(2 - (8 + -8)) + (-27 - (12 + -30)) - -34
27
What is 13 - (-2 + -3 + 32)?
-14
Calculate -5 + (-25 - -32) + -10 + -2.
-10
(10 - -84) + 0 - (39 + -27) - 7
75
Calculate -18 + (-50 - -53) + 2 + 21.
8
What is -38 + (7 - (10 + -22) - 41)?
-60
What is 4209 + -4146 - (31 + 1)?
31
What is -73 + -61 + 46 - -40?
-48
(-19 - (-14 + 9)) + (20 - 9) + -10
-13
Calculate -9 + (8 - 26 - -39) + -28.
-16
Evaluate -11 + (5 - (40 + (56 - 32) + (1 - 17))).
-54
Evaluate -3 + 3 + 4 + (24 - (-49 + 0 + 27)).
50
(17 + 0 - (-19 + (14 - (3 - 8)))) + 11
28
-98 + (-12 - -131 - -42)
63
Calculate -14 - (64 + (18 - 66)).
-30
-92 - (82 - (121 - 62))
-115
What is -16 + 5 + (6 + 4 + 19 - 83)?
-65
Evaluate -3 + -3 + -165 + 85 + 144 - (-11 + -1).
70
What is -4 + -48 + (-10 - -103)?
41
-38 + 92 - (36 - 1)
19
(7 - (1 - 1) - (-245 + 129 + 129)) + 71
65
What is -46 - (24 + (-12 - 43))?
-15
What is the value of 30 + 20 + -85 - -9?
-26
What is ((10 - 2) + -20 - ((0 - -4) + -27)) + 0?
11
What is 13 + 4 + -1 + (-145 + 245 - 64)?
52
What is the value of -34 + 1 + (2 - 163 - -278)?
84
19 + (-4 - (-24 + 9 + 5))
25
Evaluate 79 - (28 + (-30 - -6) + -5).
80
Evaluate 1 + 10 + (6 - 55 - 3).
-41
Calculate ((1 - (13 + -14)) + 1 - 5) + -13 + 8.
-7
-59 + 31 + -21 - (-10 + (-1 - -4))
-42
51 - 1 - -18 - 32
36
Calculate 43 + (66 - 99) + (-36 - 12).
-38
Calculate 46 + 4 - (62 - 37).
25
What is the value of (1 - -32) + (78 - (117 - 32))?
26
123 - (-43 + 155) - (-23 - (1 + -2))
33
What is -7 - (23 - -8) - (-1 - ((7 - 5) + 8))?
-27
Evaluate -277 - 21 - -241 - (-2 + 0 - 2).
-53
What is -69 - (2 - (-2 - -3)) - (182 + -360 + 168)?
-60
(-2 - ((-3 - -21) + 12 + 2)) + 5
-29
What is -44 + -52 - (32 - 130)?
2
What is (-36 - -112 - 220) + 185?
41
What is -35 + (13 + (11 - 13) - 6)?
-30
Calculate -81 + 54 + -16 - (-2 + -10 + 1 + -1).
-31
Evaluate (75 - 0) + (-578 - -556) - (-14 + 2).
65
-1 - -4 - 152 - (3 - (31 - (10 - -10)))
-141
What is the value of 104 - (21 + 33) - (-8 + 1 + 4)?
53
What is the value of 17 - (8 + 17 + -33 + -14 - -15)?
24
What is (6 - -39) + (-2 - (-7 - (-8 + 8))) + -5?
45
What is (7 - (2 - -10) - 3) + (3 - -60 - 6)?
49
-43 - (30 - (-61 + 194))
60
What is 26 - 17 - (-5 - 28 - (37 + -20))?
59
Evaluate 80 - ((14 + -4 - -9 - 9) + -6).
76
Calculate (-17 + 0 - (-45 + 28)) + 30 + 27.
57
Calculate (9 - -1) + -4 - (-97 + -16) - -5.
124
Calculate 8 - (8 - 13) - (-26 - -74).
-35
Calculate 117 - 107 - ((-14 - -5) + 47).
-28
Evaluate 133 - (35 - 19) - 152.
-35
What is -31 + 27 + -2 - 5 - -20?
9
(-2466 - -2461) + (23 - ((1 - -3) + -2 + -3))
19
What is the value of (2798 - 2785) + (-28 - -1)?
-14
4 + -4 - (53 + -59 - 14)
20
What is 46 + (-40 - (-72 - -58))?
20
What is the value of -131 - (32 - ((-5 - -77) + -20))?
-111
Evaluate (134 - 51) + -68 + (-70 - 1).
-56
Evaluate 3 - (8 + (-15 - -7)) - (-49 + 86).
-34
-88 - (-5 - (117 - 26))
8
What is the value of 9 - (-2 - 17 - -16) - (-2 + 8)?
6
Calculate -6 + (-7 + 6 - 2 - (-9 + 3)) + 4.
1
140 - 191 - (9 + -86)
26
Calculate (5 - (-2 + -1 + 0)) + (-62 + -7 - -17).
-44
What is 0 + (-31 - (5 - -20)) + -9?
-65
Calculate 88 + (-70 - -77) + -43.
52
Evaluate 3 - (9 + (-1 - 17) + 12 + -4) - -16.
20
What is -12 - -70 - 1 - (-5 - (-5 + 14))?
71
Calculate 11 + ((-10 + 2 - 5) + 28 - 82).
-56
Calculate -29 - (-38 + -1 + 43).
-33
Evaluate 8 + 21 + 48 + -29.
48
What is 7 + -10 + (1 - (-34 - -21)) + -21 + -82?
-92
Calculate 80 - (38 + -46) - 47.
41
-122 - (-39 + (-79 - 77))
73
What is the value of 0 + -1 + -10 + -2 - (-2549 - -2581)?
-45
(-16 - -18) + (-10 + 19 - 18) + 32
25
16 + (-79 - -2) + -32 + 30 + -1
-64
0 - (-32 - (-19 + (31 - 59)))
-15
What is the value of 65 + -48 + (-10 - -2) + -65 + 66?
10
Evaluate 350 - 316 - (-6 - -56).
-16
-1 - 32 - (9 - (5 - (10 + -18) - 9))
-38
What is -111 + (14 - (13 - (0 + 9) - -7)) - 3?
-111
Calculate -136 - (4 + -47 - (319 + -337)).
-111
Evaluate (33 - 4) + -15 - (0 - -6) - (-35 - -1).
42
What is the value of 165 + -118 - 65 - (-1 + 0 + -1)?
-16
-29 - (-64 + 139 + -46)
-58
Evaluate (23 + -57 + 59 - -56) + (-7 - -1).
75
What is 14 - -8 - (-21 + (76 - -17))?
-50
Evaluate -7 + (11 - (-5 + 20)) + -28.
-39
Evaluate 42 + -52 - (-63 + -5).
58
What is the value of 6 - (4 + 0) - (48 - (-3 + 3 - 26))?
-72
6 - ((-7 - 0) + 56) - (16 + 0)
-59
What is the value of -23 - (36 + -32 + (-68 - 4))?
45
Calculate -15 - 2 - ((-3 - 2) + 3) - (62 - 67).
-10
What is 24 + 17 + -76 + -2 + 28?
-9
Evaluate 56 - (-38 - (-60 + 17)).
51
Evaluate (71 - -32) + -75 - 96.
-68
What is the value of -2 + 43 + (-70 - (131 + -220))?
60
What is (-14 - 5) + 39 - (7 + 28 - 15)?
0
What is 37 - (1 - ((-1 - -1) + (-7 - (-9 - 8))))?
46
Calculate (6 - (20 + -2)) + 5 - (1 + 3).
-11
(-52 - (24 - 36)) + 7 + 5
-28
What is 16 + (0 - (1 - 45 - -23))?
37
What is -10 - 13 - (-23 + 30 + -10)?
-20
Calculate -25 - (-12 + (-24 + 8 - (146 + -7))).
142
What is the value of (189 - (-5 + 45)) + -112?
37
Calculate -47 + 30 - (52 - -5).
-74
What is 11 + 3 + -8 + 4 + -8 + -14?
-12
Evaluate ((-6 - 7) + -3 - (-12 - 5)) + -56.
-55
Calculate 111 + -160 + 2 + 2.
-45
What is the value of (67 - -43 - 258) + 84?
-64
What is 347 - 431 - (22 + -2 - (-8 - (-9 + -4)))?
-99
What is -7 - (33 + (-20 - -22) - 7) - 0?
-35
-87 + -19 + 31 + 22
-53
-67 - -47 - (0 + -2) - 8 - (11 - 0)
-37
-47 + 68 + (5 - 19)
7
What is 106 - (234 - (-56 - -83))?
-101
Calculate 11 - (9 - (-19 + 22 + (2 + 13 - -2))).
22
Calculate 3 + 0 + (4 + -7 - -2) - (256 - 300).
46
What is -57 + 38 + -19 + 87?
49
What is -61 + 84 + -35 - (4 + -8)?
-8
Calculate 11 + -16 + (18 - -1) + 7.
21
-71 - (-6 + (8 + -46 - -22))
-49
Evaluate (-14 - -2) + (18 - (-15 + 29)).
-8
(521 - 136) + -130 - 135
120
Evaluate (-57 - -49) + -6 + -4 + 38 - -45.
65
29 + (-15 - (6 + -25))
33
What is -8 + (-26 - (69 - -23 - 41))?
-85
108 - (127 + -75) - -62
118
What is -44 + 0 + -82 + -95 + 193?
-28
Evaluate 9 - ((-2 - -4) + -3 + 39 + -20).
-9
Evaluate 120 + (100 - 141 - 49).
30
Calculate (1 - -65) + -572 + 571.
65
What is the value of -24 - (-6 + -5 - 35)?
22
Evaluate 5 + 32 - (166 - 106).
-23
Calculate 17 + (-224 - -77) + 43.
-87
What is the value of 51 + -37 + -13 + -27 - -14?
-12
What is the value of 